 by 4.
3
Calculate the remainder when 669 is divided by 133.
4
What is the remainder when 189 is divided by 19?
18
Calculate the remainder when 1022 is divided by 32.
30
What is the remainder when 266 is divided by 113?
40
Calculate the remainder when 2 is divided by 1.
0
Calculate the remainder when 43 is divided by 5.
3
Calculate the remainder when 300 is divided by 25.
0
What is the remainder when 183 is divided by 17?
13
Calculate the remainder when 99 is divided by 17.
14
Calculate the remainder when 8909 is divided by 8.
5
What is the remainder when 517 is divided by 75?
67
Calculate the remainder when 321 is divided by 60.
21
Calculate the remainder when 119 is divided by 26.
15
What is the remainder when 1331 is divided by 99?
44
Calculate the remainder when 111 is divided by 24.
15
What is the remainder when 329 is divided by 11?
10
What is the remainder when 1445 is divided by 1432?
13
What is the remainder when 727 is divided by 168?
55
What is the remainder when 848 is divided by 265?
53
What is the remainder when 98 is divided by 54?
44
What is the remainder when 10544 is divided by 6?
2
What is the remainder when 123 is divided by 27?
15
What is the remainder when 947 is divided by 19?
16
What is the remainder when 88 is divided by 10?
8
What is the remainder when 318 is divided by 107?
104
Calculate the remainder when 94 is divided by 27.
13
What is the remainder when 757 is divided by 11?
9
What is the remainder when 2184 is divided by 71?
54
What is the remainder when 1570 is divided by 68?
6
What is the remainder when 12724 is divided by 29?
22
What is the remainder when 1438 is divided by 50?
38
Calculate the remainder when 93 is divided by 78.
15
What is the remainder when 1163 is divided by 17?
7
What is the remainder when 387 is divided by 15?
12
What is the remainder when 575 is divided by 35?
15
Calculate the remainder when 42 is divided by 11.
9
What is the remainder when 419 is divided by 177?
65
What is the remainder when 759 is divided by 42?
3
What is the remainder when 410 is divided by 2?
0
Calculate the remainder when 459 is divided by 58.
53
Calculate the remainder when 4366 is divided by 258.
238
Calculate the remainder when 11470 is divided by 76.
70
Calculate the remainder when 1857 is divided by 14.
9
Calculate the remainder when 375 is divided by 171.
33
Calculate the remainder when 274 is divided by 112.
50
What is the remainder when 407 is divided by 6?
5
Calculate the remainder when 3810 is divided by 70.
30
Calculate the remainder when 398 is divided by 105.
83
Calculate the remainder when 111 is divided by 63.
48
What is the remainder when 626 is divided by 131?
102
What is the remainder when 104 is divided by 59?
45
What is the remainder when 178 is divided by 46?
40
What is the remainder when 1838 is divided by 38?
14
What is the remainder when 164 is divided by 44?
32
What is the remainder when 99 is divided by 5?
4
Calculate the remainder when 179 is divided by 79.
21
What is the remainder when 8056 is divided by 224?
216
What is the remainder when 598 is divided by 14?
10
What is the remainder when 3091 is divided by 14?
11
What is the remainder when 439 is divided by 123?
70
Calculate the remainder when 218 is divided by 55.
53
What is the remainder when 98 is divided by 20?
18
What is the remainder when 769 is divided by 35?
34
Calculate the remainder when 27674 is divided by 205.
204
What is the remainder when 1889 is divided by 10?
9
Calculate the remainder when 79 is divided by 19.
3
What is the remainder when 142 is divided by 49?
44
Calculate the remainder when 160 is divided by 158.
2
What is the remainder when 227 is divided by 113?
1
Calculate the remainder when 4079 is divided by 60.
59
Calculate the remainder when 63 is divided by 8.
7
Calculate the remainder when 2014 is divided by 33.
1
What is the remainder when 5524 is divided by 18?
16
Calculate the remainder when 3674 is divided by 147.
146
Calculate the remainder when 137 is divided by 19.
4
What is the remainder when 1161 is divided by 73?
66
What is the remainder when 934 is divided by 8?
6
Calculate the remainder when 421 is divided by 106.
103
What is the remainder when 223 is divided by 23?
16
Calculate the remainder when 469 is divided by 221.
27
What is the remainder when 32075 is divided by 22?
21
What is the remainder when 370 is divided by 127?
116
Calculate the remainder when 238 is divided by 12.
10
Calculate the remainder when 113 is divided by 12.
5
Calculate the remainder when 194 is divided by 28.
26
Calculate the remainder when 389 is divided by 36.
29
What is the remainder when 170 is divided by 33?
5
What is the remainder when 1675 is divided by 130?
115
Calculate the remainder when 6996 is divided by 2330.
6
Calculate the remainder when 1535 is divided by 29.
27
Calculate the remainder when 776 is divided by 34.
28
What is the remainder when 252 is divided by 16?
12
Calculate the remainder when 299 is divided by 43.
41
What is the remainder when 182 is divided by 58?
8
Calculate the remainder when 89 is divided by 24.
17
Calculate the remainder when 178 is divided by 26.
22
What is the remainder when 1568 is divided by 174?
2
What is the remainder when 471 is divided by 11?
9
What is the remainder when 3080 is divided by 9?
2
Calculate the remainder when 363 is divided by 118.
9
What is the remainder when 215 is divided by 45?
35
What is the remainder when 1774 is divided by 162?
154
Calculate the remainder when 766 is divided by 375.
16
Calculate the remainder when 2057 is divided by 416.
393
Calculate the remainder when 58 is divided by 34.
24
What is the remainder when 6616 is divided by 1321?
11
What is the remainder when 85 is divided by 25?
10
What is the remainder when 24 is divided by 2?
0
What is the remainder when 7920 is divided by 19?
16
Calculate the remainder when 131 is divided by 17.
12
What is the remainder when 996 is divided by 491?
14
What is the remainder when 176 is divided by 86?
4
Calculate the remainder when 1131 is divided by 81.
78
Calculate the remainder when 305 is divided by 44.
41
Calculate the remainder when 457 is divided by 21.
16
Calculate the remainder when 505 is divided by 13.
11
Calculate the remainder when 127 is divided by 46.
35
Calculate the remainder when 11931 is divided by 3977.
0
What is the remainder when 180 is divided by 175?
5
Calculate the remainder when 40437 is divided by 8.
5
Calculate the remainder when 3765 is divided by 47.
5
What is the remainder when 3019 is divided by 45?
4
What is the remainder when 178 is divided by 34?
8
What is the remainder when 172 is divided by 53?
13
Calculate the remainder when 165 is divided by 21.
18
What is the remainder when 4407 is divided by 90?
87
What is the remainder when 65 is divided by 51?
14
Calculate the remainder when 1328 is divided by 70.
68
What is the remainder when 85 is divided by 31?
23
Calculate the remainder when 153 is divided by 78.
75
What is the remainder when 652 is divided by 25?
2
What is the remainder when 1560 is divided by 11?
9
Calculate the remainder when 7962 is divided by 6.
0
What is the remainder when 1103 is divided by 223?
211
Calculate the remainder when 2174 is divided by 99.
95
Calculate the remainder when 3257 is divided by 76.
65
Calculate the remainder when 2113 is divided by 163.
157
What is the remainder when 391 is divided by 55?
6
Calculate the remainder when 2130 is divided by 52.
50
Calculate the remainder when 303 is divided by 62.
55
What is the remainder when 118 is divided by 27?
10
What is the remainder when 88 is divided by 40?
8
Calculate the remainder when 681 is divided by 12.
9
What is the remainder when 3132 is divided by 13?
12
Calculate the remainder when 99 is divided by 55.
44
What is the remainder when 51 is divided by 5?
1
Calculate the remainder when 364 is divided by 29.
16
Calculate the remainder when 701 is divided by 54.
53
Calculate the remainder when 141 is divided by 112.
29
What is the remainder when 223 is divided by 32?
31
Calculate the remainder when 111 is divided by 9.
3
Calculate the remainder when 25 is divided by 4.
1
Calculate the remainder when 3551 is divided by 32.
31
Calculate the remainder when 99 is divided by 16.
3
Calculat